{"id":1432,"date":"2024-08-17T16:36:30","date_gmt":"2024-08-17T16:36:30","guid":{"rendered":"https:\/\/wpriverthemes.com\/gymfito\/?page_id=1432"},"modified":"2025-08-15T22:20:50","modified_gmt":"2025-08-15T22:20:50","slug":"iletisim","status":"publish","type":"page","link":"https:\/\/ersintasdemir.com\/index.php\/iletisim\/","title":{"rendered":"\u0130leti\u015fim"},"content":{"rendered":"\t\t<div data-elementor-type=\"wp-page\" data-elementor-id=\"1432\" class=\"elementor elementor-1432\">\n\t\t\t\t<div class=\"elementor-element elementor-element-b8812d9 e-con-full e-flex e-con e-parent\" data-id=\"b8812d9\" data-element_type=\"container\">\n\t\t\t\t<div class=\"elementor-element elementor-element-13a9791 elementor-widget elementor-widget-gymfito_contact\" data-id=\"13a9791\" data-element_type=\"widget\" data-widget_type=\"gymfito_contact.default\">\n\t\t\t\t<div class=\"elementor-widget-container\">\n\t\t\t\t\t        <!-- Start Contact form and Details -->\r\n        <div class=\"ak-height-135 ak-height-lg-80\"><\/div>\r\n        <section>\r\n            <div class=\"container\">\r\n                <div class=\"row\">\r\n                    <div class=\"col-lg-5\" data-aos=\"fade-right\">\r\n                        <div class=\"contact-details-info\">\r\n                            <h3 class=\"contact-page-section-title\">\u0130leti\u015fim Bilgilerim<\/h3>\r\n                            <p class=\"title-desp\">\r\n                                                            <\/p>\r\n                                                            <div class=\"icon-details\">\r\n                                    <div class=\"icon\">\r\n                                        <svg width=\"40\" height=\"41\" viewBox=\"0 0 40 41\" fill=\"none\" xmlns=\"http:\/\/www.w3.org\/2000\/svg\">\r\n                                    <circle cx=\"20\" cy=\"20.5\" r=\"20\" fill=\"white\" fill-opacity=\"0.3\"\/>\r\n                                    <path d=\"M20 10.5C16.4857 10.5 13.5547 13.3309 13.5547 16.9453C13.5547 18.3204 13.9679 19.5466 14.7609 20.6955L19.5068 28.101C19.737 28.461 20.2635 28.4603 20.4932 28.101L25.2597 20.6704C26.0356 19.5734 26.4453 18.2854 26.4453 16.9453C26.4453 13.3914 23.5539 10.5 20 10.5ZM20 19.875C18.3846 19.875 17.0703 18.5607 17.0703 16.9453C17.0703 15.33 18.3846 14.0156 20 14.0156C21.6154 14.0156 22.9297 15.33 22.9297 16.9453C22.9297 18.5607 21.6154 19.875 20 19.875Z\" fill=\"white\"\/>\r\n                                <\/svg>                                    <\/div>\r\n                                    <div class=\"icon-info\">\r\n                                        <h5 class=\"title\">Adres:<\/h5>\r\n                                        <p class=\"desp\">K\u00fc\u00e7\u00fck\u00e7ekmece \/ \u0130stanbul<\/p>\r\n                                    <\/div>\r\n                                <\/div>\r\n                                                            <div class=\"icon-details\">\r\n                                    <div class=\"icon\">\r\n                                        <svg width=\"40\" height=\"41\" viewBox=\"0 0 40 41\" fill=\"none\"\n                                    xmlns=\"http:\/\/www.w3.org\/2000\/svg\">\n                                    <circle cx=\"20\" cy=\"20.7451\" r=\"20\" fill=\"white\" fill-opacity=\"0.3\" \/>\n                                    <path fill-rule=\"evenodd\" clip-rule=\"evenodd\"\n                                        d=\"M12.4556 14.8423L17.8587 20.2478C19.0372 21.424 20.9635 21.425 22.1429 20.2478L27.5461 14.8423C27.6005 14.7879 27.5925 14.6983 27.5294 14.6543C26.9783 14.27 26.3078 14.0421 25.5855 14.0421H14.4162C13.6939 14.0421 13.0234 14.27 12.4723 14.6543C12.4091 14.6983 12.4012 14.7879 12.4556 14.8423ZM11.0117 17.4465C11.0117 16.8786 11.1525 16.3419 11.4006 15.8702C11.4394 15.7965 11.5377 15.7815 11.5966 15.8405L16.9314 21.1752C18.6207 22.867 21.38 22.868 23.0704 21.1752L28.4051 15.8405C28.464 15.7815 28.5623 15.7965 28.6011 15.8702C28.8491 16.3419 28.99 16.8786 28.99 17.4465V24.5534C28.99 26.4321 27.4618 27.9579 25.5855 27.9579H14.4162C12.5399 27.9579 11.0117 26.4321 11.0117 24.5534V17.4465Z\"\n                                        fill=\"white\" \/>\n                                <\/svg>                                    <\/div>\r\n                                    <div class=\"icon-info\">\r\n                                        <h5 class=\"title\">E-mail: <\/h5>\r\n                                        <p class=\"desp\">info@ersintasdemir.com<\/p>\r\n                                    <\/div>\r\n                                <\/div>\r\n                                                            <div class=\"icon-details\">\r\n                                    <div class=\"icon\">\r\n                                        <svg width=\"40\" height=\"41\" viewBox=\"0 0 40 41\" fill=\"none\" xmlns=\"http:\/\/www.w3.org\/2000\/svg\">\r\n                                    <circle cx=\"20\" cy=\"20.5\" r=\"20\" fill=\"white\" fill-opacity=\"0.3\"\/>\r\n                                    <path d=\"M26.7162 23.2473C25.7366 23.2473 24.7748 23.0941 23.8633 22.7929C23.4167 22.6405 22.8676 22.7803 22.595 23.0602L20.796 24.4183C18.7096 23.3046 17.4245 22.0199 16.326 19.9492L17.6441 18.197C17.9865 17.855 18.1094 17.3554 17.9622 16.8867C17.6597 15.9704 17.506 15.009 17.506 14.029C17.5061 13.3211 16.9301 12.7451 16.2222 12.7451H13.2839C12.576 12.7451 12 13.3211 12 14.029C12 22.1436 18.6016 28.7451 26.7162 28.7451C27.4241 28.7451 28 28.1692 28 27.4612V24.5311C28 23.8232 27.424 23.2473 26.7162 23.2473Z\" fill=\"white\"\/>\r\n                                <\/svg>                                    <\/div>\r\n                                    <div class=\"icon-info\">\r\n                                        <h5 class=\"title\">Telefon Numaram: <\/h5>\r\n                                        <p class=\"desp\">+90 545 570 72 76<\/p>\r\n                                    <\/div>\r\n                                <\/div>\r\n                                                    <\/div>\r\n                        <div class=\"ak-height-lg-80\"><\/div>\r\n                    <\/div>\r\n                    <div class=\"col-lg-7\" data-aos=\"fade-left\">\r\n                        <h3 class=\"contact-page-section-title\"><\/h3>\r\n                        <div class=\"subscribe-form\">\r\n                                                    <\/div>\r\n                    <\/div>\r\n                <\/div>\r\n            <\/div>\r\n        <\/section>\r\n        <!-- End Contact form and Details -->\r\n        \t\t\t\t<\/div>\n\t\t\t\t<\/div>\n\t\t\t\t<\/div>\n\t\t\t\t<\/div>\n\t\t","protected":false},"excerpt":{"rendered":"<p>\u0130leti\u015fim Bilgilerim Adres: K\u00fc\u00e7\u00fck\u00e7ekmece \/ \u0130stanbul E-mail: info@ersintasdemir.com Telefon Numaram: +90 545 570 72 76<\/p>\n","protected":false},"author":1,"featured_media":0,"parent":0,"menu_order":0,"comment_status":"closed","ping_status":"closed","template":"page-templates\/other-pages.php","meta":{"footnotes":""},"class_list":["post-1432","page","type-page","status-publish","hentry"],"_links":{"self":[{"href":"https:\/\/ersintasdemir.com\/index.php\/wp-json\/wp\/v2\/pages\/1432","targetHints":{"allow":["GET"]}}],"collection":[{"href":"https:\/\/ersintasdemir.com\/index.php\/wp-json\/wp\/v2\/pages"}],"about":[{"href":"https:\/\/ersintasdemir.com\/index.php\/wp-json\/wp\/v2\/types\/page"}],"author":[{"embeddable":true,"href":"https:\/\/ersintasdemir.com\/index.php\/wp-json\/wp\/v2\/users\/1"}],"replies":[{"embeddable":true,"href":"https:\/\/ersintasdemir.com\/index.php\/wp-json\/wp\/v2\/comments?post=1432"}],"version-history":[{"count":8,"href":"https:\/\/ersintasdemir.com\/index.php\/wp-json\/wp\/v2\/pages\/1432\/revisions"}],"predecessor-version":[{"id":2298,"href":"https:\/\/ersintasdemir.com\/index.php\/wp-json\/wp\/v2\/pages\/1432\/revisions\/2298"}],"wp:attachment":[{"href":"https:\/\/ersintasdemir.com\/index.php\/wp-json\/wp\/v2\/media?parent=1432"}],"curies":[{"name":"wp","href":"https:\/\/api.w.org\/{rel}","templated":true}]}}